 - 553. Calculate the greatest common divisor of r and 23.
23
Suppose 6*k + 4 = 22. Suppose -3*b - z = -485, -2*z = -k*b - 2*b + 812. What is the highest common divisor of b and 18?
18
Suppose l + 3*y - 408 = -4*l, 2*l - y - 161 = 0. Suppose 0 = -6*j - 0*j + 324. What is the highest common divisor of l and j?
27
Let p = 13 + 37. Let o(w) = -39*w - 28. Let a be o(-2). Calculate the greatest common divisor of a and p.
50
Let f(d) = -2*d**2 - 3*d + 7. Let q be f(-3). Let i be (12 - 4) + 3 + 0 + q. Calculate the highest common divisor of i and 18.
9
Let p = 405 + -402. Suppose 5*a - 56 = 2*m, -1 = -2*a + 4*m + 15. What is the highest common divisor of p and a?
3
Suppose -5*m - 29 = -4. Let f be 14/(m/(-2 - 3)). What is the highest common divisor of f and 28?
14
Let w = 5 + -30. Let u(y) = -y**2 + y - 5. Let q be u(0). Let k be ((-1)/(-1))/(q/w). What is the highest common divisor of k and 35?
5
Let x(z) = z**3 - 3*z - 2. Let t be x(3). Let o = 3010 - 2978. Calculate the greatest common divisor of o and t.
16
Let q = -68 - -68. Suppose -x + 212 = -q*x + 3*w, 3*x = -2*w + 629. What is the greatest common factor of 19 and x?
19
Let u(m) = 20 + 8*m + 15*m**2 - 14 + m**3 - 13*m. Let l be u(-15). Calculate the greatest common factor of l and 18.
9
Let u(a) = -13*a + 3. Let b be u(-3). Let x = 19 - 25. Let d be 1 + -1 - (x + 0). Calculate the highest common factor of b and d.
6
Suppose 21 = k + 14. Let d(g) = g + 6. Let j be d(k). What is the highest common factor of 65 and j?
13
Let q = 1 - -4. Suppose 440 = -0*a + q*a. Suppose 2*b - p - 3*p - a = 0, p = -2. Calculate the greatest common divisor of b and 16.
8
Let f = 391 + -377. What is the greatest common factor of f and 4?
2
Let c = -15 - -12. Let t be (1/2)/(c/(-30)). Suppose 2*j - 3*q = t*j - 69, -48 = -2*j - 4*q. Calculate the highest common factor of j and 11.
11
Let u = -1440 - -1696. Calculate the highest common factor of u and 96.
32
Suppose 345 - 141 = -4*k. Let q be 3 - (k + (-4 - -6)). Calculate the greatest common factor of q and 78.
26
Suppose -390 = 14*q - 4*q. Let z = q - -45. Calculate the greatest common factor of z and 3.
3
Suppose 0 = 2*t + 1 - 5. Let l be (-84)/9 - 1/(-3). Let z be (-8 + 0)*l/t. What is the greatest common divisor of 54 and z?
18
Let o(b) = -b. Let l be o(-7). Suppose 3*m = -5*h + 151, 5*h - 2*m = -l*m + 155. Let c = h + -18. What is the highest common divisor of 11 and c?
11
Let l(t) = 4*t + 253. Let k be l(-30). Calculate the greatest common divisor of 14 and k.
7
Suppose 86*c - 91*c = -10. Suppose 31 = 3*s - c*l - 15, 17 = s - l. What is the highest common divisor of s and 108?
12
Let m(y) = -3*y + 1. Let i be m(-2). Let h(c) = -2*c - 4. Let p be h(-3). Let a be (4/6)/(p/525*5). What is the highest common divisor of i and a?
7
Let b be (-4 - 8/(-4))/(5 + -3). Let f be (-690)/(-9) + b/(-3). What is the highest common factor of 11 and f?
11
Suppose 0 = -3*r - 13*p + 12*p + 35, p + 42 = 4*r. Suppose -h - 59 = -5*u - 2*h, -2*u = 2*h - 30. What is the highest common divisor of u and r?
11
Suppose -69 = 3*y - 471. Suppose m = 33 + y. Suppose -4*g - c = -613, 2*c + m = g + 5*c. What is the greatest common divisor of 19 and g?
19
Let f be -16*(-6 + (-175)/(-28)*2)*-1. Let m(a) = -2*a**3 - 5*a**2 + 8. Let w be m(-6). What is the greatest common divisor of f and w?
52
Let c(z) = 12 - 18 + z - 8*z. Let o be c(-4). What is the highest common divisor of 2 and o?
2
Let n be (-16)/1080*-9 - (-26)/30. What is the highest common divisor of 289 and n?
1
Suppose -m - 690 = -5*x - 6*m, -666 = -5*x + 3*m. What is the greatest common factor of 108 and x?
27
Let u = 726 - 418. Calculate the greatest common factor of 44 and u.
44
Suppose -n - 36 = -5*n - 4*l, 4*l - 12 = -n. Let j = 101 + -5. What is the highest common factor of n and j?
8
Let n = -348 + 439. Calculate the greatest common factor of n and 26.
13
Let r(a) = 105*a + 81. Let o be r(3). What is the highest common factor of o and 24?
12
Let r = 55 + -35. Let n be (5 + -2 + -2)*r. What is the highest common divisor of n and 40?
20
Let v = -1321 + 1343. Calculate the greatest common factor of 187 and v.
11
Let c = 712 + -565. Let v(h) = 5*h - 9. Let w be v(6). Calculate the greatest common factor of w and c.
21
Let v = 39 + -105. Let c = 80 + v. What is the greatest common divisor of c and 56?
14
Let j be (560/196)/(2/63). What is the greatest common factor of 20 and j?
10
Suppose -3*a = -8*a + 90. Let g = a - 24. Let w be (g/12)/(1/(-100)). Calculate the greatest common divisor of w and 10.
10
Suppose -5*x + 5*i = 1115, -3*x + 5*i - 616 = 53. Let q = -136 - x. Suppose -4*n = -5*n + 5*h + q, h - 357 = -5*n. What is the highest common factor of 9 and n?
9
Let s = -2 - -5. Suppose p - 24 = i, 5*p + i + s*i = 93. Let o be 7 - (0 - (2 + -6)). Calculate the greatest common divisor of o and p.
3
Let l(a) = -a**3 + 21*a**2 - 26*a + 117. Let u be l(18). Calculate the highest common divisor of 69 and u.
69
Suppose 14 = j + j. Let a = -1 + j. Suppose d + 54 = 2*d + 4*t, -3*d + 4*t = -162. Calculate the highest common factor of d and a.
6
Let p(l) = 9*l**2 + 21*l + 1. Let d(h) = -5*h**2 - 11*h. Let b(x) = -11*d(x) - 6*p(x). Let r be b(-3). What is the highest common divisor of 45 and r?
9
Let p(z) = z**2 - 15*z + 7. Let s be p(15). Suppose 2*g + 115 = s*g. Calculate the greatest common divisor of g and 69.
23
Suppose 0*h - 3*i = -2*h, -h + 2*i = 1. What is the greatest common divisor of h and 33?
3
Suppose -13*l = -15*l + 24. Calculate the highest common divisor of l and 192.
12
Suppose -27*h - 550 = -52*h. What is the highest common divisor of h and 14?
2
Suppose 18 = j - 2. Let i(c) = -c**2 + 5*c + 10. Let p = -1 + 6. Let k be i(p). What is the greatest common factor of j and k?
10
Let d(r) = 5*r**2 - 3*r + 2. Let w be (-9)/6*(-8)/6. Let g be d(w). Let i be (-17 - -1)*(0 + (-1 - 7)). What is the greatest common divisor of g and i?
16
Suppose 0 = -b - 0*b - 2*j + 173, 5*b - 3*j = 852. Let l = -28 + 47. Calculate the highest common factor of b and l.
19
Let d be (2625/500)/((-6)/(-80)). What is the highest common divisor of d and 238?
14
Suppose 0 = -3*f - 2 + 32. Suppose -9*x + 8*x + f = 0. Let z = 2 - 1. Calculate the highest common divisor of z and x.
1
Let y be ((-4 - -1) + (-41)/1)*-17. Calculate the greatest common divisor of 44 and y.
44
Let f be (15/(-10))/(-1)*1*34. Calculate the highest common divisor of 68 and f.
17
Suppose -4*f = -n, 2*f = 4*f. Suppose 595 = b - n*b. Suppose -b = -3*v - 139. Calculate the greatest common divisor of 19 and v.
19
Let t be (2 - (1 + 4 - 1))*-3. Let j(z) = z**3 - 7*z**2 + 11*z - 15. Let v be j(t). Let m be 296/10 - (-4)/10. Calculate the highest common divisor of v and m.
15
Suppose -26*x - 59 + 215 = 0. What is the greatest common factor of x and 66?
6
Let r be ((-20)/(-70))/((-6)/(-42)). What is the greatest common factor of r and 22?
2
Let w be ((-2)/(-8))/((-20)/(-320)). Let o be w + 1 + 4*(-5)/10. What is the greatest common divisor of o and 9?
3
Let w be 8/(-6)*(-6)/(-4). Let a be 15 - (w/1 + 3). Suppose 4*x - 3*q = 3*x - a, 2*x = 2*q - 8. Calculate the highest common divisor of 1 and x.
1
Let i(q) = q - 6. Let j be i(3). Let y = 2 + j. Let n = y + 8. Calculate the greatest common divisor of n and 21.
7
Let r be -1 - 2 - (45/(-3) - -1). Let i(f) = f**2 - 10*f + 13. Let k be i(r). What is the highest common divisor of 12 and k?
12
Let s be ((-8)/20)/(2/(-30)). Let q = 31 + -16. Calculate the highest common divisor of q and s.
3
Suppose 2*d - c - 196 = 0, -3*c - 184 = -2*d + c. Calculate the highest common divisor of d and 5.
5
Let y(z) = -76*z + 16. Let n be y(-2). Calculate the highest common factor of n and 126.
42
Let r be 6/75*(-3 + -2)*-255. Calculate the highest common divisor of r and 357.
51
Let m = -1 + 5. Suppose -m*q = -q - 363. Let h be (-2)/(-5) + (-106)/(-10). Calculate the greatest common divisor of q and h.
11
Suppose -5*q = 2*t - 505, -4*q + 7*q + 768 = 3*t. What is the highest common factor of t and 45?
15
Suppose 81*l + 152 = 100*l. Calculate the highest common divisor of 44 and l.
4
Let z = 11 - 6. Let p = -46 - -48. Suppose -p*j = -z*j + 204. What is the greatest common divisor of j and 17?
17
Let u(n) = -n**3 - n**2 - n + 161. Let i be u(0). Let s = 238 - i. Suppose